{"id":459,"date":"2024-08-11T21:18:20","date_gmt":"2024-08-11T21:18:20","guid":{"rendered":"https:\/\/charcas-slp.gob.mx\/2021-2024\/?page_id=459"},"modified":"2024-08-12T14:47:23","modified_gmt":"2024-08-12T14:47:23","slug":"segundo-trimestre-2024","status":"publish","type":"page","link":"https:\/\/2021-2024.charcas-slp.gob.mx\/?page_id=459","title":{"rendered":"SEGUNDO TRIMESTRE 2024"},"content":{"rendered":"\n<p><strong><a href=\"https:\/\/charcas-slp.gob.mx\/2021-2024\/wp-content\/uploads\/2024\/08\/Estado_de_situacion_financiera_3062024.xls\">ESTADO DE SITUACI\u00d3N FINANCIERA 2DO TRIMESTRE 2024<\/a><\/strong><\/p>\n\n\n\n<p><strong><a href=\"https:\/\/charcas-slp.gob.mx\/2021-2024\/wp-content\/uploads\/2024\/08\/Estado_de_variacion_en_la_hacienda_publica_3062024.xls\">ESTADO DE VARIACI\u00d3N DE LA HACIENDA PUBLICA 2DO TRIMESTRE 2024<\/a><\/strong><\/p>\n\n\n\n<p><strong><a href=\"https:\/\/charcas-slp.gob.mx\/2021-2024\/wp-content\/uploads\/2024\/08\/Estado_de_cambios_en_la_situacion_financiera_3062024.xls\">ESTADO DE CAMBIO DE LA SITUACI\u00d3N FINANCIERA 2DO TRIMESTRE 2024<\/a><\/strong><\/p>\n\n\n\n<p><strong><a href=\"https:\/\/charcas-slp.gob.mx\/2021-2024\/wp-content\/uploads\/2024\/08\/Estado_analitico_del_activo_3062024.xls\">ESTADO ANALITICO DEL ACTIVO 2DO TRIMESTRE 2024<\/a><\/strong><\/p>\n\n\n\n<p><strong><a href=\"https:\/\/charcas-slp.gob.mx\/2021-2024\/wp-content\/uploads\/2024\/08\/Estado_de_actividades_3062024.xls\">ESTADO DE ACTIVIDADES 2DO TRIMESTRE 2024<\/a><\/strong><\/p>\n\n\n\n<p><strong><a href=\"https:\/\/charcas-slp.gob.mx\/2021-2024\/wp-content\/uploads\/2024\/08\/Estado_analitico_de_la_deuda_y_otros_pasivos_3062024.xls\">ESTADO ANALITICO DE LA DEUDA Y OTROS PASIVOS 2DO TRIMESTRE 2024<\/a><\/strong><\/p>\n\n\n\n<p><strong><a href=\"https:\/\/charcas-slp.gob.mx\/2021-2024\/wp-content\/uploads\/2024\/08\/Estado_analitico_de_ingresos_2019_3062024.xls\">ESTADO ANALITICO DE INGRESOS 2DO TRIMESTRE 2024<\/a><\/strong><\/p>\n\n\n\n<p><strong><a href=\"https:\/\/charcas-slp.gob.mx\/2021-2024\/wp-content\/uploads\/2024\/08\/Informe_sobre_pasivos_contingentes_3062024.xls\">INFORME SOBRE PASIVOS CONTINGENTES 2DO TRIMESTRE 2024<\/a><\/strong><\/p>\n\n\n\n<p><strong><a href=\"https:\/\/charcas-slp.gob.mx\/2021-2024\/wp-content\/uploads\/2024\/08\/Estado_de_flujos_de_efectivo_3062024.xls\">ESTADO DE FLUJO DE EFECTIVO 2DO TRIMESTRE 2024<\/a><\/strong><\/p>\n\n\n\n<p><strong><a href=\"https:\/\/charcas-slp.gob.mx\/2021-2024\/wp-content\/uploads\/2024\/08\/Endeudamiento_neto_3062024.xls\">ENDEUDAMIENTO NETO 2DO TRIMESTRE 2024<\/a><\/strong><\/p>\n\n\n\n<p><strong><a href=\"https:\/\/charcas-slp.gob.mx\/2021-2024\/wp-content\/uploads\/2024\/08\/Intereses_de_la_deuda_3062024.xls\">INTERESES DE LA DEUDA 2DO TRIMESTRE 2024<\/a><\/strong><\/p>\n\n\n\n<p><strong><a href=\"https:\/\/charcas-slp.gob.mx\/2021-2024\/wp-content\/uploads\/2024\/08\/Egresos_por_clasificacion_administrativa_3062024.xls\">EGRESOS POR CLASIFICACI\u00d3N ADMINISTRATIVA 2DO TRIMESTRE 2024<\/a><\/strong><\/p>\n\n\n\n<p><strong><a href=\"https:\/\/charcas-slp.gob.mx\/2021-2024\/wp-content\/uploads\/2024\/08\/Egresos_por_clasificacion_por_objeto_del_gasto_3062024.xls\">EGRESOS POR CLASIFICACI\u00d3N POR OBJETO DEL GASTO 2DO TRIMESTRE 2024<\/a><\/strong><\/p>\n\n\n\n<p><strong><a href=\"https:\/\/charcas-slp.gob.mx\/2021-2024\/wp-content\/uploads\/2024\/08\/Egresos_por_clasificacion_economica_por_tipo_de_gasto_3062024.xls\">EGRESO POR CLASIFICACI\u00d3N ECONOMICA POR TIPO DE GASTO 2DO TRIMESTRE 2024<\/a><\/strong><\/p>\n\n\n\n<p><strong><a href=\"https:\/\/charcas-slp.gob.mx\/2021-2024\/wp-content\/uploads\/2024\/08\/Egresos_por_clasificacion_funcional_3062024.xls\">EGRESO POR CLASIFICACI\u00d3N FUNCIONAL 2DO TRIMESTRE 2024<\/a><\/strong><\/p>\n\n\n\n<p><strong><a href=\"https:\/\/charcas-slp.gob.mx\/2021-2024\/wp-content\/uploads\/2024\/08\/Egresos_por_clasificacion_administrativa_3062024.xls\">EGRESOS POR CLASIFICACI\u00d3N ADMINSTRATIVA 2DO TRIMESTRE 2024<\/a><\/strong><\/p>\n\n\n\n<p><strong><a href=\"https:\/\/charcas-slp.gob.mx\/2021-2024\/wp-content\/uploads\/2024\/08\/Gasto_por_categoria_programatica_3062024.xls\">GASTO POR CATEGORIA PROGRAMATICA 2DO TRIMESTRE 2024<\/a><\/strong><\/p>\n\n\n\n<p><strong><a href=\"https:\/\/charcas-slp.gob.mx\/2021-2024\/wp-content\/uploads\/2024\/08\/ARTICULO-78.pdf\">ART. 78 2DO TRIMESTRE 2024<\/a><\/strong><\/p>\n\n\n\n<p><strong><a href=\"https:\/\/charcas-slp.gob.mx\/2021-2024\/wp-content\/uploads\/2024\/08\/AYUDAS-Y-SUBSIDIOS.pdf\">AYUDAS SUBSIDIOS 2DO TRIMESTRE 2024<\/a><\/strong><\/p>\n\n\n\n<p><strong><a href=\"https:\/\/charcas-slp.gob.mx\/2021-2024\/wp-content\/uploads\/2024\/08\/INDICADORES-DE-RESULTADOS.pdf\">INDICADORES DE RESULTADOS 2DO TRIMESTRE 2024<\/a><\/strong><\/p>\n\n\n\n<p><strong><a href=\"https:\/\/charcas-slp.gob.mx\/2021-2024\/wp-content\/uploads\/2024\/08\/PROGRAMAS-Y-PROYECTOS.pdf\">PROGRAMAS Y PROYECTOS 2DO TRIMESTRE 2024<\/a><\/strong><\/p>\n\n\n\n<p><strong><a href=\"https:\/\/charcas-slp.gob.mx\/2021-2024\/wp-content\/uploads\/2024\/08\/15-Publica-la-informacion-trimestral-sobre-la-aplicacion-de-los-recursos-federales-para-el-Fondo-de-Aportaciones-para-la-Infraestructura-Social.pdf\">INFORMACI\u00d3N TRIMESTRAL SOBRE LA APLICACI\u00d3N DE LOS RECURSOS FEDERALES PARA EL FONDO DE APORTACI\u00d3NES PARA LA INFRAESTUCTURA SOCIAL.<\/a><\/strong><\/p>\n\n\n\n<p><strong><a href=\"https:\/\/charcas-slp.gob.mx\/2021-2024\/wp-content\/uploads\/2024\/08\/Publica-la-informacion-de-aplicacion-de-recursos-federales-del-Fondo-de-Aportaciones-para-el-Fortalecimiento-de-los-Municipios-y-Demarcaciones-Territoriales-del-Distrito-Federal.pdf\">INFORMACI\u00d3N DE APLICACI\u00d3N DE RECURSOS FEDERALES DEL FONDO DE APORTACIONES PARA EL FORTALECIMIENTO DE LOS MUNICIPIOS Y DEMARCACIONES TERRITORIALES DEL DISTRITO FEDERAL.<\/a><\/strong><\/p>\n\n\n\n<p><strong><a href=\"https:\/\/charcas-slp.gob.mx\/2021-2024\/wp-content\/uploads\/2024\/08\/Publica-la-informacion-trimestral-del-ejercicio-y-destino-de-gasto-federalizado-y-reintegros.pdf\">INFORMACI\u00d3N TRIMESTRAL DEL EJERCICIO Y DESTINO DE GASTO FEDERALIZADO Y REINTEGROS.<\/a><\/strong><\/p>\n\n\n\n<p><\/p>\n\n\n\n<p><\/p>\n","protected":false},"excerpt":{"rendered":"<p>ESTADO DE SITUACI\u00d3N FINANCIERA 2DO TRIMESTRE 2024 ESTADO DE VARIACI\u00d3N DE LA HACIENDA PUBLICA 2DO TRIMESTRE 2024 ESTADO DE CAMBIO DE LA SITUACI\u00d3N FINANCIERA 2DO TRIMESTRE 2024 ESTADO ANALITICO DEL ACTIVO 2DO TRIMESTRE 2024 ESTADO DE ACTIVIDADES 2DO TRIMESTRE 2024 ESTADO ANALITICO DE LA DEUDA Y OTROS PASIVOS 2DO TRIMESTRE 2024 ESTADO ANALITICO DE INGRESOS [&hellip;]<\/p>\n","protected":false},"author":2,"featured_media":0,"parent":0,"menu_order":0,"comment_status":"closed","ping_status":"closed","template":"","meta":{"footnotes":""},"class_list":["post-459","page","type-page","status-publish","hentry"],"_links":{"self":[{"href":"https:\/\/2021-2024.charcas-slp.gob.mx\/index.php?rest_route=\/wp\/v2\/pages\/459","targetHints":{"allow":["GET"]}}],"collection":[{"href":"https:\/\/2021-2024.charcas-slp.gob.mx\/index.php?rest_route=\/wp\/v2\/pages"}],"about":[{"href":"https:\/\/2021-2024.charcas-slp.gob.mx\/index.php?rest_route=\/wp\/v2\/types\/page"}],"author":[{"embeddable":true,"href":"https:\/\/2021-2024.charcas-slp.gob.mx\/index.php?rest_route=\/wp\/v2\/users\/2"}],"replies":[{"embeddable":true,"href":"https:\/\/2021-2024.charcas-slp.gob.mx\/index.php?rest_route=%2Fwp%2Fv2%2Fcomments&post=459"}],"version-history":[{"count":28,"href":"https:\/\/2021-2024.charcas-slp.gob.mx\/index.php?rest_route=\/wp\/v2\/pages\/459\/revisions"}],"predecessor-version":[{"id":490,"href":"https:\/\/2021-2024.charcas-slp.gob.mx\/index.php?rest_route=\/wp\/v2\/pages\/459\/revisions\/490"}],"wp:attachment":[{"href":"https:\/\/2021-2024.charcas-slp.gob.mx\/index.php?rest_route=%2Fwp%2Fv2%2Fmedia&parent=459"}],"curies":[{"name":"wp","href":"https:\/\/api.w.org\/{rel}","templated":true}]}}